rt -2231531 (base 6) to base 5.
-12110132
13753232 (base 9) to base 11
394237a
What is 1202102220001 (base 3) in base 12?
390461
What is 5b6aa (base 13) in base 10?
168126
What is -102313411 (base 5) in base 8?
-1514344
Convert 23ca3 (base 16) to base 5.
14142340
Convert 533890 (base 10) to base 12.
218b6a
Convert -7748a (base 12) to base 10.
-157930
5a358 (base 13) to base 8
502753
-c2b352 (base 14) to base 10
-6561564
Convert 11101102100 (base 3) to base 8.
250470
Convert -102044113 (base 5) to base 3.
-210120212100
-7353361 (base 8) to base 9
-3610474
410405 (base 15) to base 10
3089030
What is -1111100001110001111 (base 2) in base 15?
-a0b60
243d0 (base 15) to base 16
1c3a4
What is -554454 (base 7) in base 8?
-276557
Convert -20234415 (base 6) to base 7.
-4634633
-101011101001010111101 (base 2) to base 15
-1d3b70
-111222102012 (base 3) to base 12
-11327b
What is 2235246 (base 8) in base 6?
20544102
-101232022 (base 4) to base 15
-16791
What is 701137 (base 8) in base 5?
24324413
-94397 (base 11) to base 2
-100001100101011010
2d04f (base 16) to base 2
101101000001001111
Convert 470542 (base 8) to base 2.
100111000101100010
-21300032301 (base 4) to base 11
-1496aa9
What is -87ca7 (base 15) in base 14?
-b3362
What is 11020121022 (base 3) in base 14?
22638
What is 22550250 (base 6) in base 2?
10101010100100010110
Convert 35520441 (base 6) to base 2.
100010000001001101001
What is 12db7 (base 15) in base 10?
60472
-14330505 (base 7) to base 5
-321231023
5b2b9 (base 15) to base 9
483003
What is -22a17 (base 14) in base 6?
-1450141
What is -1951319 (base 10) in base 6?
-105453515
-10100111100001000101 (base 2) to base 5
-133424044
What is 23405 (base 13) in base 9?
107288
Convert -3412554 (base 6) to base 15.
-363e4
Convert 172720 (base 10) to base 8.
521260
Convert -11062 (base 12) to base 9.
-33822
What is 111011111010100111010011 (base 2) in base 13?
333c145
Convert -10221001223 (base 4) to base 16.
-12906b
What is -2b9e6 (base 15) in base 11?
-96713
What is 1021001112 (base 4) in base 6?
10224410
-201000011010210 (base 3) to base 6
-1000253033
What is 1323761 (base 10) in base 13?
3746ba
-3263a5 (base 11) to base 5
-113132044
What is 109be2 (base 15) in base 7?
6510212
What is -503213 (base 8) in base 12?
-7b94b
Convert -25c8b (base 14) to base 7.
-535134
-383556 (base 9) to base 11
-149572
14a68b (base 13) to base 15
a0a91
-1793b2 (base 13) to base 5
-122413040
What is 1572356 (base 9) in base 15?
124110
Convert 301043 (base 9) to base 7.
1340463
What is a317a2 (base 13) in base 9?
7134473
-1207256 (base 8) to base 3
-121211122111
10011211 (base 6) to base 13
9b1ac
What is -1230202012 (base 4) in base 12?
-19531a
Convert 31212100331 (base 4) to base 16.
36643d
Convert -100121212021 (base 3) to base 4.
-232033333
What is -222644 (base 8) in base 12?
-37604
-14312406 (base 7) to base 12
-550009
What is -3467623 (base 9) in base 16?
-1c9e27
Convert -312725 (base 9) to base 16.
-2d59c
Convert 21133303020 (base 4) to base 2.
1001011111110011001000
Convert -56b17 (base 12) to base 13.
-40843
What is 31132145 (base 6) in base 14?
1956b7
What is -1b063 (base 15) in base 6?
-1514403
-2470507 (base 8) to base 15
-d7b8e
Convert 14e120 (base 16) to base 2.
101001110000100100000
310432 (base 8) to base 3
12012212001
-11011011011100001001 (base 2) to base 5
-212230300
Convert -88855 (base 14) to base 15.
-680b8
10aa582 (base 14) to base 9
15844620
Convert 1c4d26 (base 14) to base 10.
1012374
What is -22222022 (base 3) in base 16?
-198e
Convert -17eb8a (base 16) to base 14.
-2cb414
What is -101122111010002 (base 3) in base 11?
-3215415
What is 9ba870 (base 12) in base 14?
48a028
-11122012112 (base 3) to base 9
-148175
What is -5413514 (base 6) in base 11?
-17226a
What is 4b94a (base 14) in base 4?
231111032
What is 1202610 (base 7) in base 2?
100101001010111010
What is -230101100 (base 4) in base 15?
-38ad8
What is -4912292 (base 10) in base 8?
-22572244
What is 1b14a (base 12) in base 16?
9c0a
What is -219089 (base 13) in base 9?
-1435075
Convert 120000110100 (base 3) to base 10.
295578
-756651 (base 9) to base 4
-1232013232
Convert 4432214 (base 5) to base 16.
12d80
Convert d9285 (base 15) to base 14.
13d199
461 (base 7) to base 5
1424
-38c72a (base 15) to base 13
-74558b
What is -e0868 (base 15) in base 5?
-140220043
Convert 826cb (base 14) to base 15.
6314b
30351160 (base 8) to base 14
bcc46c
What is -11001100011110010 (base 2) in base 15?
-21045
Convert -3ce725 (base 16) to base 10.
-3991333
66932 (base 10) to base 7
366065
111010100000100111010 (base 2) to base 3
10121101221222
Convert -1100111101011100 (base 2) to base 9.
-80732
Convert -400274 (base 10) to base 16.
-61b92
What is 273648 (base 10) in base 15?
56133
What is -10255171 (base 9) in base 14?
-927622
6304606 (base 7) to base 3
1102111202121
-af133 (base 16) to base 13
-1c1531
Convert -1302330222 (base 4) to base 8.
-1627452
Convert 6043a5 (base 11) to base 9.
1741430
Convert 1011010011000110111 (base 2) to base 6.
11534011
What is 17720 (base 12) in base 5?
2040424
Convert -1cc44 (base 14) to base 6.
-1325244
Convert 89540 (base 13) to base 2.
111100110101000110
What is -3542221 (base 9) in base 12?
-785777
What is 4566620 (base 7) in base 10?
571403
Convert -3051266 (base 7) to base 12.
-157595
8464b (base 14) to base 12
134b0b
Convert -7b9564 (base 13) to base 2.
-1011001100010010100010
-2c540 (base 15) to base 12
-6a873
Convert -322433024 (base 5) to base 8.
-5173673
Convert 1011221200 (base 4) to base 13.
9cb08
234756 (base 13) to base 2
11001100101010100111
What is -21101332323 (base 4) in base 10?
-2432955
What is 2653 (base 9) in base 8?
3710
Convert 122157 (base 8) to base 5.
2321340
What is 3421b (base 15) in base 3?
22102111122
-642aa (base 11) to base 7
-536455
Convert 382045 (base 9) to base 14.
60338
10110101010011100101 (base 2) to base 16
b54e5
-12954 (base 11) to base 15
-5701
2210021011 (base 4) to base 13
1a7034
What is 65841 (base 10) in base 12?
32129
What is -1300220223 (base 5) in base 8?
-13746223
Convert 1448a (base 15) to base 14.
19a5d
What is 61306 (base 9) in base 16?
9d98
40162 (base 9) to base 10
26381
16323214 (base 7) to base 2
110000011001010000110
-2220201122012 (base 3) to base 14
-2c4a0d
-18391a (base 11) to base 4
-1011022102
What is 10110221021222 (base 3) in base 8?
7033177
Convert 1246226 (base 9) to base 4.
2212012113
What is 2eb770 (base 16) in base 11?
1801268
-222323303302 (base 4) to base 10
-11255026
What is 21110100001221 (base 3) in base 7?
45453430
-3724615 (base 9) to base 8
-7561414
-1c8423 (base 13) to base 6
-23410150
-35c049 (base 13) to base 9
-2365076
What is -3604520 (base 11) in base 3?
-102211102001122
f111 (base 16) to base 15
13443
Convert 29121a (base 13) to base 8.
3645321
-b0739a (base 16) to base 10
-11563930
What is 2044452 (base 9) in base 11?
686823
101a2b (base 14) to base 10
542567
What is -45511131 (base 6) in base 12?
-5724a7
What is -111102212 (base 3) in base 12?
-5805
Convert 15ae1 (base 16) to base 7.
516616
What is -1311134 (base 7) in base 12?
-82a88
65aa18 (base 12) to base 15
21d992
Convert -330230012 (base 4) to base 15.
-4d9c2
Convert 40235050 (base 6) to base 7.
12456321
1b3230 (base 12) to base 8
1656204
-15343120 (base 6) to base 13
-15cb7c
Convert -322011012030 (base 4) to base 10.
-15225228
Convert -222020211212210 (base 3) to base 9.
-28224783
Convert 2042234014 (base 5) to base 13.
b61503
Convert 10a828 (base 12) to base 9.
446585
What is -2a59c2 (base 14) in base 7?
-15353432
What is -36e413 (base 15) in base 4?
-22002012123
What is -10011011100011000110000 (base 2) in base 11?
-2971504
ca9a (base 15) to base 10
42895
What is 1001111000011010010 (base 2) in base 9?
543141
27ba5e (base 15) to base 14
37b017
-253422531 (base 6) to base 12
-179aa47
Convert -6a355f (base 16) to base 10.
-6960479
Convert -135978 (base 12) to base 15.
-651e8
What is -11011110101110010010 (base 2) in base 8?
-3365622
-2101220022 (base 3) to base 5
-3003222
What is 7a706a8 (base 11) in base 2?
110101110101111111010000
Convert 1192a36 (base 11) to base 8.
7707504
What is -216843 (base 9) in base 3?
-20120221110
Convert -42539 (base 10) to base 12.
-2074b
-64a97 (base 12) to base 14
-365d9
Convert -122111111200010 (base 3)